ivide 686992?
False
Is 617770 a multiple of 379?
True
Is 9 a factor of 5319?
True
Is 2932143 a multiple of 51?
True
Does 129 divide 14720067?
False
Is 33 a factor of 112233?
True
Does 8 divide 871576?
True
Is 103950 a multiple of 330?
True
Is 260785 a multiple of 13?
False
Is 298 a factor of 2861396?
True
Is 369929 a multiple of 43?
True
Is 507483 a multiple of 37?
False
Is 13 a factor of 656903?
True
Is 123 a factor of 380822?
False
Does 28 divide 65716?
True
Is 32 a factor of 129696?
True
Is 207 a factor of 6220971?
True
Does 44 divide 1776769?
False
Is 3624340 a multiple of 500?
False
Does 23 divide 102905?
False
Is 5 a factor of 973355?
True
Is 4475904 a multiple of 1128?
True
Is 546 a factor of 403125?
False
Is 90 a factor of 350776?
False
Does 306 divide 271728?
True
Is 3 a factor of 130909?
False
Does 401 divide 52531?
True
Is 677 a factor of 3071549?
True
Is 28809885 a multiple of 15?
True
Does 343 divide 90209?
True
Does 193 divide 603897?
True
Is 3949526 a multiple of 336?
False
Is 5175895 a multiple of 302?
False
Is 3114 a multiple of 3?
True
Is 74211 a multiple of 87?
True
Is 5 a factor of 661139?
False
Is 17 a factor of 266715?
False
Is 8233092 a multiple of 1554?
True
Does 32 divide 228522?
False
Is 111330 a multiple of 15?
True
Does 150 divide 2187186?
False
Does 43 divide 76355?
False
Is 550 a factor of 3630601?
False
Is 991440 a multiple of 60?
True
Is 830844 a multiple of 21?
True
Is 2985299 a multiple of 33?
False
Is 2373052 a multiple of 1187?
False
Does 67 divide 183338?
False
Does 159 divide 5005320?
True
Is 1362309 a multiple of 15?
False
Does 551 divide 5550774?
True
Is 203584 a multiple of 41?
False
Is 173 a factor of 2174783?
True
Is 373 a factor of 172699?
True
Is 496 a factor of 339264?
True
Is 477113 a multiple of 33?
False
Does 303 divide 178467?
True
Is 633802 a multiple of 19?
True
Is 10 a factor of 23869?
False
Is 4869928 a multiple of 23?
True
Does 53 divide 73352?
True
Does 5 divide 4208212?
False
Does 1788 divide 12900420?
True
Does 13 divide 1269419?
False
Is 16 a factor of 2814848?
True
Is 145 a factor of 150733?
False
Is 230 a factor of 25720440?
True
Is 120 a factor of 1071857?
False
Is 138 a factor of 104604?
True
Is 16550 a multiple of 25?
True
Does 19 divide 59941?
False
Is 59 a factor of 1440662?
True
Is 135 a factor of 259335?
True
Is 9 a factor of 1804455?
True
Is 2597567 a multiple of 32?
False
Is 249070 a multiple of 10?
True
Is 14 a factor of 10920212?
False
Is 896913 even?
False
Is 320633 a multiple of 34?
False
Is 4494069 a multiple of 12?
False
Does 585 divide 2112642?
False
Does 13 divide 5675757?
False
Does 20 divide 1476346?
False
Does 73 divide 787743?
True
Is 118430 a multiple of 10?
True
Is 82980 a multiple of 130?
False
Does 466 divide 118830?
True
Is 271283 a multiple of 3?
False
Is 46 a factor of 200412?
False
Does 435 divide 821319?
False
Is 3 a factor of 19655?
False
Is 322392 a multiple of 19?
True
Does 78 divide 83027?
False
Does 3 divide 176058?
True
Is 696 a factor of 3109032?
True
Does 9 divide 1358199?
True
Is 12089 a multiple of 9?
False
Is 7001253 a multiple of 839?
False
Is 24 a factor of 68595?
False
Is 5240940 a multiple of 43?
False
Does 6 divide 1182346?
False
Does 9 divide 173205?
True
Is 59244 a multiple of 38?
False
Is 6665560 a multiple of 11?
True
Is 23 a factor of 10155056?
False
Does 20 divide 573717?
False
Is 69 a factor of 261510?
True
Is 30 a factor of 1428187?
False
Is 4 a factor of 206812?
True
Does 78 divide 1635348?
True
Is 5601959 a multiple of 493?
True
Does 20 divide 2075873?
False
Is 23976 a multiple of 18?
True
Is 52 a factor of 778052?
False
Is 97 a factor of 172699?
False
Does 23 divide 10189?
True
Is 2796976 a multiple of 52?
True
Is 223056 a multiple of 144?
True
Does 52 divide 131218?
False
Does 209 divide 128953?
True
Is 13330167 a multiple of 23?
False
Is 965261 a multiple of 408?
False
Is 208572 a multiple of 3?
True
Does 5 divide 108945?
True
Is 123 a factor of 13487928?
False
Does 75 divide 49725?
True
Is 143 a factor of 1941987?
False
Does 68 divide 85000?
True
Does 27 divide 18117?
True
Is 349 a factor of 513754?
False
Is 13530 a multiple of 615?
True
Is 599 a factor of 2165385?
True
Does 3 divide 29295?
True
Does 19 divide 138244?
True
Is 84 a factor of 2588460?
True
Is 97 a factor of 719255?
True
Is 28 a factor of 199845?
False
Is 111820 a multiple of 11?
False
Is 231384 a multiple of 93?
True
Is 122 a factor of 3133552?
False
Is 214973 a multiple of 16?
False
Is 382289 a multiple of 54?
False
Does 71 divide 553132?
False
Is 71000 a multiple of 188?
False
Is 73 a factor of 139941?
True
Is 1344814 a multiple of 10?
False
Is 229584 a multiple of 8?
True
Does 1219 divide 4387034?
False
Is 523097 a multiple of 11?
False
Does 31 divide 6537624?
False
Is 185490 a multiple of 2?
True
Does 59 divide 61620?
False
Is 674 a factor of 33700?
True
Is 37 a factor of 1321474?
False
Does 402 divide 96480?
True
Does 43 divide 10592403?
False
Does 15 divide 293569?
False
Does 13 divide 372777?
False
Does 33 divide 75082?
False
Is 315776 a multiple of 4?
True
Is 45 a factor of 123018?
False
Is 17037680 a multiple of 380?
True
Is 1167771 a multiple of 16?
False
Is 137 a factor of 9453?
True
Does 528 divide 86992?
False
Is 232 a factor of 2031700?
False
Is 8470710 a multiple of 30?
True
Is 1011338 a multiple of 271?
False
Is 46 a factor of 1222213?
False
Does 379 divide 5944692?
False
Does 368 divide 2010094?
False
Is 25 a factor of 60350?
True
Is 217877 a multiple of 10?
False
Does 43 divide 3730863?
False
Is 140 a factor of 330913?
False
Does 8 divide 45086?
False
Is 185 a factor of 1669810?
True
Does 87 divide 759845?
False
Is 5927620 a multiple of 10?
True
Does 11 divide 236236?
True
Does 190 divide 16020211?
False
Is 327920 a multiple of 32?
False
Is 22 a factor of 248871?
False
Is 580 a factor of 312040?
True
Does 1907 divide 360050?
False
Does 10 divide 72619?
False
Does 117 divide 685386?
True
Is 51 a factor of 51857?
False
Is 11500 a multiple of 2?
True
Is 77 a factor of 227394?
False
Is 105336 a multiple of 36?
True
Is 558 a factor of 11046168?
True
Is 146 a factor of 363248?
True
Does 293 divide 49235?
False
Is 18976700 a multiple of 17?
False
Is 866528 a multiple of 6?
False
Does 141 divide 154536?
True
Is 161 a factor of 269031?
True
Is 71 a factor of 135894?
True
Is 56880 a multiple of 40?
True
Is 486762 a multiple of 31?
True
Is 250404 a multiple of 49?
False
Does 34 divide 6001449?
False
Does 9 divide 306504?
True
Does 12 divide 1396?
False
Is 19 a factor of 4956494?
False
Is 31 a factor of 1915397?
True
Is 99728 a multiple of 14?
False
Is 249 a factor of 14016?
False
Is 255728 a multiple of 42?
False
Is 6331224 a multiple of 484?
False
Does 1445 divide 7232225?
True
Is 56 a factor of 1225220?
False
Is 427 a factor of 13190030?
True
Is 67 a factor of 127166?
True
Is 50 a factor of 653150?
True
Is 637 a factor of 1393119?
True
Is 100994 a multiple of 20?
False
Is 17158851 a multiple of 27?
True
Does 12 divide 140664?
True
Is 469 a factor of 2062193?
True
Does 125 divide 704250?
True
Does 6 divide 6446827?
False
Does 534 divide 275217?
False
Is 63 a factor of 40635?
True
Is 3838 a multiple of 101?
True
Does 623 divide 642936?
True
Is 54 a factor of 837810?
True
Does 178 divide 233536?
True
Does 32 divide 540032?
True
Is 112 a factor of 38361?
False
Does 4 divide 112635?
False
Does 630 divide 333270?
True
Is 201096 a multiple of 152?
True
Is 22 a factor of 481382?
True
Is 1477552 a multiple of 5?
False
Is 169 a factor of 768243?
False
Is 50 a factor of 127550?
True
Does 203 divide 2727309?
False
Is 1748075 a multiple of 366?
False
Is 19486 a multiple of 25?
False
Is 956 a factor of 1263873?
False
Is 359 a factor of 156883?
True
Does 86 divide 276327?
False
Does 946 divide 12799713?
False
Is 216861 a multiple of 9?
False
Is 13 a factor of 20263649?
False
Does 176 divide 5861680?
True
Is 180 a factor of 621143?
False
Is 1958 a multiple of 12?
False
Is 465101 a multiple of 133?
True
Is 232 a factor of 1588697?
False
Is 436 a factor of 3104348?
False
Is 63 a factor of 105186?
False
Is 16500 a multiple of 275?
True
Does 40 divide 1348480?
True
Is 149670 a multiple of 30?
True
Is 5407145 a multiple of 817?
False
Is 885495 a multiple of 57?
True
